{"id":8,"date":"2018-11-15T12:33:59","date_gmt":"2018-11-15T11:33:59","guid":{"rendered":"https:\/\/www.automyckanostr.cz\/?page_id=8"},"modified":"2019-07-19T13:40:48","modified_gmt":"2019-07-19T11:40:48","slug":"homepage","status":"publish","type":"page","link":"https:\/\/www.automyckanostr.cz\/","title":{"rendered":"homepage"},"content":{"rendered":"<h1>\n\t\tV\u00edt\u00e1me v\u00e1s\n\t<\/h1>\n\t<p>V\u00edtejte na str\u00e1nk\u00e1ch modern\u00ed samoobslu\u017en\u00e9 myc\u00ed linky v Nov\u00e9m Stra\u0161ec\u00ed.<\/p>\n<p>Proto\u017ee vyu\u017e\u00edv\u00e1me technologii n\u011bmeckou CW Tech s reverzn\u00ed osm\u00f3zou, m\u00e1te zaru\u010deno, \u017ee sv\u00e9 auto umyjete naprosto dokonale.<\/p>\n<p>Jak je patrno z mapy, je my\u010dka situov\u00e1na v prostoru mezi obchody LIDL a PENNY Market v Nov\u00e9m Stra\u0161ec\u00ed u hlavn\u00ed silnice spojuj\u00edc\u00ed n\u00e1jezd na d\u00e1lnici D6 s Rakovn\u00edkem. Tedy v ide\u00e1ln\u00ed pozici jak pro v\u0161echny nakupuj\u00edc\u00ed, m\u00edstn\u00ed i p\u0159espoln\u00ed, tak i pro tranzituj\u00edc\u00ed \u0159idi\u010de, kte\u0159\u00ed kolem jenom proj\u00ed\u017ed\u011bj\u00ed. Vzhledem k tomu, \u017ee od d\u00e1lni\u010dn\u00edho sjezdu je vzd\u00e1lena necel\u00fdch 500 m, vyplat\u00ed se k n\u00ed sjet i pro \u0159idi\u010de, kte\u0159\u00ed jedou po D6 a r\u00e1di by do c\u00edle sv\u00e9 cesty dojeli s \u010dist\u00fdm autem.<\/p>\n\t\t\t\t<a href=\"https:\/\/www.automyckanostr.cz\/wp-content\/uploads\/428x322.png\" target=\"_self\" itemprop=\"url\" rel=\"noopener noreferrer\">\n\t\t\t\t<img loading=\"lazy\" src=\"https:\/\/www.automyckanostr.cz\/wp-content\/uploads\/428x322.png\" alt=\"428x322\" itemprop=\"image\" height=\"322\" width=\"428\" title=\"428x322\" onerror=\"this.style.display='none'\"  \/>\n\t\t\t\t<\/a>\n\t<iframe src=\"https:\/\/www.google.com\/maps\/embed\/v1\/place?q=Nov%C3%A9+Stra%C5%A1ec%C3%AD+1170%2C+271+01&#038;key=AIzaSyD09zQ9PNDNNy9TadMuzRV_UsPUoWKntt8\"><\/iframe>\n<h1>\n\t\tRozsah slu\u017eeb\n\t<\/h1>\n\t<p>My\u010dka vyu\u017e\u00edv\u00e1 technologii CW Tech s reverzn\u00ed osm\u00f3zou. \u010cesky \u0159e\u010deno, vozidla se oplachuj\u00ed vodou, kter\u00e1 po uschnut\u00ed nezanech\u00e1v\u00e1 na laku va\u0161eho vozu \u017e\u00e1dn\u00e9 stopy.<\/p>\n<p>Samoobslu\u017en\u00e9 myt\u00ed se samostatn\u00fdm kart\u00e1\u010dem pro odstra\u0148ov\u00e1n\u00ed siln\u00fdch ne\u010distot se 6 myc\u00edmi programy.<\/p>\n<p>Jednotliv\u00e9 programy lze dle chut\u011b a pot\u0159eby r\u016fzn\u011b kombinovat a samostatn\u011b si volit jejich d\u00e9lku a po\u0159ad\u00ed.<\/p>\n\t\t<h4>P\u0159edmyt\u00ed<\/h4>\n\t\t\t\t<img loading=\"lazy\" src=\"https:\/\/www.automyckanostr.cz\/wp-content\/uploads\/predmyti.png\" alt=\"predmyti\" itemprop=\"image\" height=\"104\" width=\"104\" title=\"predmyti\" onerror=\"this.style.display='none'\"  \/>\n\t\t<h4>Hork\u00fd vosk<\/h4>\n\t\t\t\t<img loading=\"lazy\" src=\"https:\/\/www.automyckanostr.cz\/wp-content\/uploads\/vosk.png\" alt=\"vosk\" itemprop=\"image\" height=\"104\" width=\"104\" title=\"vosk\" onerror=\"this.style.display='none'\"  \/>\n\t\t<h4>Kart\u00e1\u010d<\/h4>\n\t\t\t\t<img loading=\"lazy\" src=\"https:\/\/www.automyckanostr.cz\/wp-content\/uploads\/kartac.png\" alt=\"kartac\" itemprop=\"image\" height=\"104\" width=\"104\" title=\"kartac\" onerror=\"this.style.display='none'\"  \/>\n\t\t<h4>Prost\u0159edek pro myt\u00ed disk\u016f<\/h4>\n\t\t\t\t<img loading=\"lazy\" src=\"https:\/\/www.automyckanostr.cz\/wp-content\/uploads\/disky.png\" alt=\"disky\" itemprop=\"image\" height=\"104\" width=\"104\" title=\"disky\" onerror=\"this.style.display='none'\"  \/>\n\t\t<h4>Myt\u00ed<\/h4>\n\t\t\t\t<img loading=\"lazy\" src=\"https:\/\/www.automyckanostr.cz\/wp-content\/uploads\/myti.png\" alt=\"myti\" itemprop=\"image\" height=\"104\" width=\"104\" title=\"myti\" onerror=\"this.style.display='none'\"  \/>\n\t\t<h4>Kapalina do ost\u0159ikova\u010d\u016f<\/h4>\n\t\t\t\t<img loading=\"lazy\" src=\"https:\/\/www.automyckanostr.cz\/wp-content\/uploads\/kapalina.png\" alt=\"kapalina\" itemprop=\"image\" height=\"104\" width=\"104\" title=\"kapalina\" onerror=\"this.style.display='none'\"  \/>\n\t\t<h4>Oplach<\/h4>\n\t\t\t\t<img loading=\"lazy\" src=\"https:\/\/www.automyckanostr.cz\/wp-content\/uploads\/oplach.png\" alt=\"oplach\" itemprop=\"image\" height=\"104\" width=\"104\" title=\"oplach\" onerror=\"this.style.display='none'\"  \/>\n\t\t<h4>Turbovysava\u010d<\/h4>\n\t\t\t\t<img loading=\"lazy\" src=\"https:\/\/www.automyckanostr.cz\/wp-content\/uploads\/vysavac.png\" alt=\"vysavac\" itemprop=\"image\" height=\"104\" width=\"104\" title=\"vysavac\" onerror=\"this.style.display='none'\"  \/>\n<h1>\n\t\tCen\u00edk\n\t<\/h1>\n\t\t\t\t<img loading=\"lazy\" src=\"https:\/\/www.automyckanostr.cz\/wp-content\/uploads\/MYCIBOX.png\" alt=\"MYCIBOX\" itemprop=\"image\" height=\"292\" width=\"208\" title=\"MYCIBOX\" onerror=\"this.style.display='none'\"  \/>\n\t\t\t\t<img loading=\"lazy\" src=\"https:\/\/www.automyckanostr.cz\/wp-content\/uploads\/TURBOVYSAVAC.png\" alt=\"TURBOVYSAVAC\" itemprop=\"image\" height=\"292\" width=\"208\" title=\"TURBOVYSAVAC\" onerror=\"this.style.display='none'\"  \/>\n\t\t\t\t<img loading=\"lazy\" src=\"https:\/\/www.automyckanostr.cz\/wp-content\/uploads\/POSTRIK.png\" alt=\"POSTRIK\" itemprop=\"image\" height=\"292\" width=\"208\" title=\"POSTRIK\" onerror=\"this.style.display='none'\"  \/>\n\t\t\t\t<img loading=\"lazy\" src=\"https:\/\/www.automyckanostr.cz\/wp-content\/uploads\/SMES.png\" alt=\"SMES\" itemprop=\"image\" height=\"292\" width=\"208\" title=\"SMES\" onerror=\"this.style.display='none'\"  \/>\n<h1>\n\t\tM\u011bni\u010dka\n\t<\/h1>\n\t<p>Platbu v\u00a0hotovosti lze u v\u0161ech sou\u010d\u00e1st\u00ed Automy\u010dky Nostr realizovat pouze prost\u0159ednictv\u00edm minc\u00ed 10,-K\u010d, 20,- K\u010d a 50,- K\u010d. Na mince lze rozm\u011bnit v\u00a0m\u011bni\u010dce, kter\u00e1 je sou\u010d\u00e1st\u00ed Automy\u010dky Nostr a je um\u00edst\u011bn\u00e1 v\u00a0\u010deln\u00ed st\u011bn\u011b technologick\u00e9ho kontejneru.<\/p>\n<h1>\n\t\tV\u011brnostn\u00ed a platebn\u00ed karty\n\t<\/h1>\n\t<p>Po uveden\u00ed do pln\u00e9ho provozu bude u myc\u00edch box\u016f mo\u017eno platit standardn\u00edmi bankovn\u00edmi kartami, nebo v\u011brnostn\u00edmi kartami \u2013 jedno\u00fa\u010delov\u00e9 karty, kter\u00e9 lze dob\u00edjet prost\u0159ednictv\u00edm m\u011bni\u010dky drobn\u00fdch nebo na z\u00e1klad\u011b smlouvy s\u00a0provozovatelem a fakturace jednotliv\u00fdch \u010d\u00e1stek.<\/p>\n\t<p>V sou\u010dasn\u00e9 dob\u011b nen\u00ed mo\u017en\u00e9 b\u011bhem zku\u0161ebn\u00edho provozu tyto v\u00fdhody vyu\u017e\u00edvat<\/p>\n\t\t\t\t<img loading=\"lazy\" src=\"https:\/\/www.automyckanostr.cz\/wp-content\/uploads\/KARTY_cut.png\" alt=\"KARTY_cut\" itemprop=\"image\" height=\"140\" width=\"311\" title=\"KARTY_cut\" onerror=\"this.style.display='none'\"  \/>\n<h1>\n\t\tNA\u0160E HESLO\n\t<\/h1>\n\t<p><strong>NEKEC\u00c1ME! MYJEME!<\/strong><\/p>\n\t<p>Aneb, \u010das V\u00e1m b\u011b\u017e\u00ed od prvn\u00edho zm\u00e1\u010dknut\u00ed tla\u010d\u00edtka s programem (ka\u017ed\u00e1 desetikoruna = 50 sekund myt\u00ed)!<\/p>\n<h1>\n\t\tN\u00e1vod\n\t<\/h1>\n\t<iframe width=\"560\" height=\"315\" src=\"https:\/\/www.youtube.com\/embed\/k7rgHcAOoDM\" frameborder=\"0\" allow=\"accelerometer; autoplay; encrypted-media; gyroscope; picture-in-picture\" allowfullscreen><\/iframe>\n\t<strong>1. rada<br \/>\n<\/strong>Kdo tu je dnes poprv\u00e9, p\u0159e\u010dt\u011bte si nejd\u0159\u00edve pozorn\u011b tento n\u00e1vod a\u017e do konce a pak myjte! U\u0161et\u0159\u00edte si pen\u00edze!\n<b>2. rada<br \/>\n<\/b>Z\u00e1le\u017e\u00ed jenom na V\u00e1s, zda se rozhodnete nejprve auto um\u00fdt a pak vyluxovat vnit\u0159ek nebo naopak. P\u0159esto\u017ee v\u011bt\u0161ina klient\u016f nejd\u0159\u00edve myje, pak luxuje. Pro\u010d ale kolem je\u0161t\u011b mokr\u00e9ho auta chodit s\u00a0hadic\u00ed v\u00a0ruce, vytahovat a pr\u00e1\u0161it s\u00a0kobere\u010dky? Nebylo by logi\u010dt\u011bj\u0161\u00ed nejprve luxovat a pak m\u00fdt?\n<strong>3. rada<br \/>\n<\/strong>Myc\u00ed programy jsou o\u010d\u00edslov\u00e1ny v logick\u00e9m sledu, Vy ale tento sled nemus\u00edte respektovat a m\u016f\u017eete si je ma\u010dkat v po\u0159ad\u00ed libovoln\u00e9m, jak V\u00e1m bude vyhovovat.\n<b>4. rada<br \/>\n<\/b>P\u0159i myt\u00ed se nezdr\u017eujte zbyte\u010dnostmi &#8211; \u010das V\u00e1m ut\u00edk\u00e1.\n<b>5. rada<br \/>\n<\/b>Z boku ovl\u00e1dac\u00edho panelu je mincovn\u00edk. Tam nah\u00e1zejte kovov\u00e9 mince. Pokud jich nem\u00e1te dostatek, najdete na prost\u0159edn\u00edm kontejneru m\u011bni\u010dku. Na displeji se objev\u00ed \u010das, kter\u00fd m\u00e1te k dispozici. Jakmile uplyne, myt\u00ed se zastav\u00ed. Dopl\u0148te dal\u0161\u00ed pen\u00edze a m\u016f\u017eete v myt\u00ed pokra\u010dovat.\n<b>6. rada<br \/>\n<\/b>M\u00e1te-li gumov\u00e9 kobere\u010dky (a\u0165 u\u017e vyluxovan\u00e9, nebo nevyluxovan\u00e9), vyt\u00e1hn\u011bte si je je\u0161t\u011b p\u0159ed myt\u00edm a p\u0159icvakn\u011bte pomoc\u00ed klips\u016f na dr\u017e\u00e1ky na bo\u010dn\u00edm sloupu &#8211; a\u017e p\u016fjdete kolem s myc\u00ed pistol\u00ed p\u0159eje\u010fte si kobere\u010dky tak\u00e9. Ne\u017e auto domyjete, budou skoro such\u00e9, nebo p\u0159inejmen\u0161\u00edm alespo\u0148 okapan\u00e9. Rozhodn\u011b v\u0161ak kr\u00e1sn\u011b \u010dist\u00e9.\n\n<h1>\n\t\tProgramy\n\t<\/h1>\n\t<strong>1. P\u0159edmyt\u00ed<\/strong><br \/>\nSt\u0159\u00edkejte na v\u016fz dokud se neobjev\u00ed kapalina s b\u00edlou p\u011bnou &#8211; touto kapalinou automobil ze vzd\u00e1lenosti cca 60 &#8211; 80 cm jenom rychle post\u0159\u00edkejte &#8211; m\u011blo by V\u00e1m sta\u010dit do 50 sekund.\n<strong>2. Kart\u00e1\u010d<\/strong><br \/>\nPou\u017e\u00edvejte jen na siln\u011b zne\u010di\u0161t\u011bn\u00e1 m\u00edsta, p\u0159i prvn\u00edm myt\u00ed rad\u011bji p\u0159esko\u010dte, zbyte\u010dn\u011b by V\u00e1s to zdr\u017eovalo.\n<strong>3. Myt\u00ed<\/strong><br \/>\nAuto omyjte ze vzd\u00e1lenosti cca 20 &#8211; 30 cm, p\u0159ibli\u017en\u011b tak, jako byste ho cht\u011bli p\u0159est\u0159\u00edkat na jinou barvu. U tohoto programu se vypl\u00e1c\u00ed pe\u010dlivost. M\u011bly by sta\u010dit 3-4 minuty.\n<strong>4. Opl\u00e1chnut\u00ed<\/strong><br \/>\nZ myc\u00ed pistole bude je\u0161t\u011b chv\u00edli tryskat kapalina s myc\u00edm prost\u0159edkem. Po\u010dkejte a\u017e pote\u010de jen \u010dist\u00e1 voda a auto rychle ob\u011bhn\u011bte a spl\u00e1chn\u011bte od zbytk\u016f myc\u00edho roztoku &#8211; m\u011blo by V\u00e1m sta\u010dit 50 &#8211; 80 sekund.\n<strong>5. Hork\u00fd vosk<\/strong><br \/>\nOp\u011bt po\u010dkejte (ale se zm\u00e1\u010dknutou pistol\u00ed!!!) a\u017e se objev\u00ed kapalina s v\u011bt\u0161\u00ed viskozitou &#8211;\u00a0 pozn\u00e1te na karoserii, za\u010dnou se d\u011blat jak\u00e9si vlnky a auto jenom ze vzd\u00e1lenosti 60 &#8211; 80 cm pokropte &#8211; naneste vosk &#8211; m\u011blo by V\u00e1m sta\u010dit do 50 sekund.\n<strong>6. Opl\u00e1chnut\u00ed<\/strong><br \/>\nPosledn\u00ed opl\u00e1chnut\u00ed je dobr\u00e9 ud\u011blat pe\u010dliv\u011bji, ne\u017e opl\u00e1chnut\u00ed po myt\u00ed. M\u011blo by sta\u010dit 50 &#8211; 100 sekund.\n\t\t\t\t<img loading=\"lazy\" src=\"https:\/\/www.automyckanostr.cz\/wp-content\/uploads\/VYKRICNIK-90x32.png\" alt=\"VYKRICNIK-90x32\" itemprop=\"image\" height=\"90\" width=\"32\" title=\"VYKRICNIK-90x32\" onerror=\"this.style.display='none'\"  \/>\n<h1>\n\t\tUpozorn\u011bn\u00ed\n\t<\/h1>\n\tZru\u010dn\u00fd klient dok\u00e1\u017ee st\u0159edn\u011b velk\u00e9 a st\u0159edn\u011b za\u0161pin\u011bn\u00e9 auto<br \/>\n(pokud ho nechce m\u00edt \u00fapln\u011b vymydlen\u00e9, jako t\u0159eba na svatbu) um\u00fdt za 60 a\u017e 80 K\u010d.\n<p>Jezd\u011bte k n\u00e1m tr\u00e9novat, uvid\u00edte, jak rychle se vypracujete.<\/p>\n\t\t\t\t<img loading=\"lazy\" src=\"https:\/\/www.automyckanostr.cz\/wp-content\/uploads\/VYKRICNIK-90x32.png\" alt=\"VYKRICNIK-90x32\" itemprop=\"image\" height=\"90\" width=\"32\" title=\"VYKRICNIK-90x32\" onerror=\"this.style.display='none'\"  \/>\n<h1>\n\t\tKontakt\n\t<\/h1>\n\t\t\t\t<a href=\"https:\/\/www.facebook.com\/Automy%C4%8Dka-Nostr-Nov%C3%A9-Stra%C5%A1ec%C3%AD-1933691480080952\/\" target=\"_blank\" rel=\"noopener noreferrer\"  itemprop=\"url\">\n\t\t\t\t<img loading=\"lazy\" src=\"https:\/\/www.automyckanostr.cz\/wp-content\/uploads\/fb.png\" alt=\"fb\" itemprop=\"image\" height=\"34\" width=\"34\" title=\"fb\" onerror=\"this.style.display='none'\"  \/>\n\t\t\t\t<\/a>\n\t\t\t\t<a href=\"https:\/\/mapy.cz\/zakladni?vlastni-body&#038;x=13.8949607&#038;y=50.1572502&#038;z=16&#038;ut=My%C4%8Dka&#038;uc=9fa1BxYRja&#038;ud=50%C2%B09%2726.082%22N%2C%2013%C2%B053%2741.859%22E\" target=\"_blank\" rel=\"noopener noreferrer\"  itemprop=\"url\">\n\t\t\t\t<img loading=\"lazy\" src=\"https:\/\/www.automyckanostr.cz\/wp-content\/uploads\/NAJDINAS-144x34.png\" alt=\"NAJDINAS-144x34\" itemprop=\"image\" height=\"34\" width=\"144\" title=\"NAJDINAS-144x34\" onerror=\"this.style.display='none'\"  \/>\n\t\t\t\t<\/a>\n\t<strong>GPS:<\/strong><br \/>\n50.1572450N, 13.8949608E\n\t<p><a href=\"tel:+420777177780\"><img loading=\"lazy\" src=\"https:\/\/www.automyckanostr.cz\/wp-content\/uploads\/telefon-1.png\" alt=\"\" width=\"22\" height=\"22\" \/>+420\u00a0777\u00a0177\u00a0780<\/a><\/p>\n<p><a href=\"tel:+420605231332\"><img loading=\"lazy\" src=\"https:\/\/www.automyckanostr.cz\/wp-content\/uploads\/telefon-1.png\" alt=\"\" width=\"22\" height=\"22\" \/>+420\u00a0605\u00a0231 332<\/a><\/p>\n<p><a href=\"mailto:info@automyckanostr.cz\"><img loading=\"lazy\" src=\"https:\/\/www.automyckanostr.cz\/wp-content\/uploads\/mail.png\" alt=\"\" width=\"30\" height=\"16\" \/>info@automyckanostr.cz<\/a><\/p>\n\t<p>Automy\u010dka Nov\u00e9 Stra\u0161ec\u00ed, silnice \u010d. 237<\/p>\n<p>A kde p\u0159esn\u011b? Mezi obchody Lidl a Penny market \ud83d\ude42<\/p>\nProvozovatel: Automy\u010dka Nostr s.r.o.<br \/>\nPalack\u00e9ho 70<br \/>\nDob\u0159ichovice 252 29<br \/>\nI\u010cO 06333044\n","protected":false},"excerpt":{"rendered":"<p>V\u00edt\u00e1me v\u00e1s V\u00edtejte na str\u00e1nk\u00e1ch modern\u00ed samoobslu\u017en\u00e9 myc\u00ed linky v Nov\u00e9m Stra\u0161ec\u00ed. Proto\u017ee vyu\u017e\u00edv\u00e1me technologii n\u011bmeckou CW Tech s reverzn\u00ed osm\u00f3zou, m\u00e1te zaru\u010deno, \u017ee sv\u00e9 auto umyjete naprosto dokonale. Jak je patrno z mapy, je my\u010dka situov\u00e1na v prostoru mezi obchody LIDL a PENNY Market v Nov\u00e9m Stra\u0161ec\u00ed u hlavn\u00ed silnice spojuj\u00edc\u00ed n\u00e1jezd na d\u00e1lnici&hellip;<\/p>\n","protected":false},"author":1,"featured_media":0,"parent":0,"menu_order":0,"comment_status":"closed","ping_status":"closed","template":"","meta":[],"_links":{"self":[{"href":"https:\/\/www.automyckanostr.cz\/index.php?rest_route=\/wp\/v2\/pages\/8"}],"collection":[{"href":"https:\/\/www.automyckanostr.cz\/index.php?rest_route=\/wp\/v2\/pages"}],"about":[{"href":"https:\/\/www.automyckanostr.cz\/index.php?rest_route=\/wp\/v2\/types\/page"}],"author":[{"embeddable":true,"href":"https:\/\/www.automyckanostr.cz\/index.php?rest_route=\/wp\/v2\/users\/1"}],"replies":[{"embeddable":true,"href":"https:\/\/www.automyckanostr.cz\/index.php?rest_route=%2Fwp%2Fv2%2Fcomments&post=8"}],"version-history":[{"count":67,"href":"https:\/\/www.automyckanostr.cz\/index.php?rest_route=\/wp\/v2\/pages\/8\/revisions"}],"predecessor-version":[{"id":180,"href":"https:\/\/www.automyckanostr.cz\/index.php?rest_route=\/wp\/v2\/pages\/8\/revisions\/180"}],"wp:attachment":[{"href":"https:\/\/www.automyckanostr.cz\/index.php?rest_route=%2Fwp%2Fv2%2Fmedia&parent=8"}],"curies":[{"name":"wp","href":"https:\/\/api.w.org\/{rel}","templated":true}]}}